osite number?
False
Is 2053 a composite number?
False
Is 40163 a prime number?
True
Is 62171 prime?
True
Is 123857 a prime number?
False
Is 51629 prime?
False
Is 15623 prime?
False
Is 633397 composite?
True
Is 658547 a prime number?
True
Is 331915 a composite number?
True
Is 951241 a composite number?
True
Is 361717 a composite number?
True
Is 82837 prime?
True
Is 10133 composite?
False
Is 6389 composite?
False
Is 73886 composite?
True
Is 50497 composite?
False
Is 2850251 composite?
False
Is 163571 composite?
True
Is 758129 prime?
False
Is 2154221 composite?
True
Is 182417 a composite number?
False
Is 85907 prime?
False
Is 1170011 prime?
True
Is 52601 prime?
False
Is 9169 a prime number?
False
Is 9286 composite?
True
Is 14423 composite?
False
Is 44459 prime?
False
Is 60127 a prime number?
True
Is 4289 prime?
True
Is 2993591 prime?
True
Is 1011 prime?
False
Is 114937 prime?
False
Is 797309 prime?
True
Is 8923 composite?
False
Is 126541 prime?
True
Is 118493 prime?
True
Is 1051409 a composite number?
False
Is 174569 a composite number?
False
Is 1098613 a composite number?
False
Is 4049 composite?
False
Is 38417 composite?
True
Is 20959 a composite number?
False
Is 27407 a prime number?
True
Is 3319 prime?
True
Is 125234 prime?
False
Is 187379 a composite number?
False
Is 14591 a composite number?
False
Is 38539 prime?
False
Is 173626 a composite number?
True
Is 3635 composite?
True
Is 1049 composite?
False
Is 6641 a prime number?
False
Is 2899 prime?
False
Is 26977 a prime number?
False
Is 6521 a composite number?
False
Is 21341 prime?
True
Is 55231 composite?
True
Is 3347627 prime?
False
Is 39397 a prime number?
True
Is 10687 a composite number?
False
Is 4831 prime?
True
Is 411 a composite number?
True
Is 210943 composite?
False
Is 560281 prime?
True
Is 342521 composite?
False
Is 11443 prime?
True
Is 6353 a composite number?
False
Is 1227797 prime?
True
Is 24155 a prime number?
False
Is 53527 a prime number?
True
Is 9133 a prime number?
True
Is 1740623 a prime number?
True
Is 124511 prime?
False
Is 60031 a prime number?
False
Is 23054 a composite number?
True
Is 4327 prime?
True
Is 11741 prime?
False
Is 10078 a composite number?
True
Is 129341 prime?
True
Is 766837 a composite number?
True
Is 195719 composite?
True
Is 140307 a composite number?
True
Is 26153 a prime number?
True
Is 3017 prime?
False
Is 605009 prime?
True
Is 33527 composite?
True
Is 91334 a composite number?
True
Is 580079 composite?
False
Is 301267 prime?
True
Is 296365 composite?
True
Is 6259 prime?
False
Is 1945759 composite?
True
Is 636221 prime?
False
Is 38113 a prime number?
True
Is 203491 a prime number?
False
Is 180111 a composite number?
True
Is 710921 a prime number?
False
Is 303 composite?
True
Is 454799 a composite number?
False
Is 363463 prime?
True
Is 1379 a composite number?
True
Is 34061 composite?
False
Is 34399 a prime number?
False
Is 15227 prime?
True
Is 6577953 a prime number?
False
Is 22523 a prime number?
False
Is 902953 prime?
True
Is 2813 prime?
False
Is 4621 composite?
False
Is 294815 prime?
False
Is 5347 a prime number?
True
Is 55439 composite?
False
Is 18371 prime?
True
Is 13069 composite?
True
Is 106111 composite?
True
Is 4841 composite?
True
Is 11359 a prime number?
False
Is 973591 prime?
True
Is 35891 composite?
True
Is 19529 a prime number?
False
Is 8419 prime?
True
Is 11549 a composite number?
False
Is 502591 prime?
True
Is 1974977 a prime number?
False
Is 154267 a prime number?
True
Is 773861 a composite number?
True
Is 816869 composite?
False
Is 18797 composite?
False
Is 88423 prime?
True
Is 36191 a prime number?
True
Is 9005 prime?
False
Is 901 composite?
True
Is 309499 prime?
False
Is 15187 composite?
False
Is 673903 a prime number?
False
Is 3504931 composite?
True
Is 110893 a prime number?
False
Is 641 a prime number?
True
Is 22123 a prime number?
True
Is 43619 a prime number?
False
Is 132931 composite?
True
Is 799817 prime?
True
Is 12829 composite?
False
Is 1312078 prime?
False
Is 646147 prime?
True
Is 43841 a composite number?
True
Is 12677 prime?
False
Is 150269 composite?
True
Is 1739 prime?
False
Is 92255 composite?
True
Is 198149 prime?
False
Is 603431 a composite number?
False
Is 137767 prime?
False
Is 322279 prime?
False
Is 2477 a prime number?
True
Is 11901 a composite number?
True
Is 96041 a prime number?
False
Is 48563 a prime number?
True
Is 48731 prime?
True
Is 81511 a prime number?
False
Is 397693 a prime number?
False
Is 120067 prime?
True
Is 255655 prime?
False
Is 3269 composite?
True
Is 11303 a composite number?
True
Is 130051 composite?
False
Is 6349 a composite number?
True
Is 924359 composite?
False
Is 39779 prime?
True
Is 426913 a composite number?
False
Is 961357 a composite number?
True
Is 232131 composite?
True
Is 57571 a prime number?
True
Is 15191 a prime number?
False
Is 6143 a composite number?
False
Is 3959 prime?
False
Is 501127 a prime number?
False
Is 268431 a prime number?
False
Is 247301 a composite number?
False
Is 489959 a prime number?
True
Is 47438 composite?
True
Is 6547 a prime number?
True
Is 12149 composite?
False
Is 786931 composite?
False
Is 2167057 a prime number?
False
Is 539453 composite?
True
Is 22577 a composite number?
True
Is 32822 prime?
False
Is 28133 a composite number?
True
Is 749009 a prime number?
False
Is 58831 a prime number?
True
Is 5129 composite?
True
Is 71465 prime?
False
Is 34973 a composite number?
True
Is 52783 a composite number?
False
Is 14977 composite?
True
Is 40349 a composite number?
True
Is 10897 prime?
False
Is 462067 prime?
True
Is 7409 a composite number?
True
Is 11549 prime?
True
Is 26093 a composite number?
True
Is 9289 composite?
True
Is 6031 prime?
False
Is 75877 a prime number?
False
Is 37463 composite?
False
Is 198635 composite?
True
Is 470863 composite?
False
Is 421343 composite?
True
Is 3163 a composite number?
False
Is 136943 composite?
False
Is 4754497 a prime number?
False
Is 1287799 a prime number?
True
Is 402071 a composite number?
False
Is 533161 composite?
True
Is 11579 a prime number?
True
Is 2956399 a prime number?
True
Is 51031 a composite number?
False
Is 29581 prime?
True
Is 75893 a prime number?
False
Is 1403 a composite number?
True
Is 392395 a composite number?
True
Is 1069 a composite number?
False
Is 6913 a composite number?
True
Is 10909 composite?
False
Is 212777 composite?
False
Is 7033 prime?
False
Is 166523 a composite number?
True
Is 3713 a composite number?
True
Is 61331 a prime number?
True
Is 1366279 a prime number?
True
Is 13649 prime?
True
Is 1883 composite?
True
Is 553 a prime number?
False
Is 373753 a composite number?
False
Is 11962 prime?
False
Is 741883 composite?
False
Is 721 a prime number?
False
Is 109717 prime?
True
Is 2927 a composite number?
False
Is 657779 prime?
True
Is 5422 composite?
True
Is 19373 prime?
True
Is 1529 prime?
False
Is 119597 prime?
False
Is 3671 a prime number?
True
Is 43223 composite?
False
Is 806315 prime?
False
Is 10765 a prime number?
False
Is 3109 prime?
True
Is 6779 composite?
False
Is 279859 a composite number?
True
Is 44809 a composite number?
False
Is 877783 a prime number?
True
Is 844073 a prime number?
False
Is 225065 composite?
True
Is 125591 prime?
True
Is 308761 a composite number?
False
Is 62347 prime?
True
Is 562129 a composite number?
False
Is 26293 a prime number?
True
Is 319 prime?
False
Is 20653 a prime number?
False
Is 1901 a composite number?
False
Is 228727 a composite number?
True
Is 450689 prime?
False
Is 11443 a prime number?
True
Is 246733 composite?
True
Is 206153 a prime number?
True
Is 52531 composite?
True
Is 71794 a composite number?
True
Is 311897 a prime number?
True
Is 9235 prime?
False
Is 4201 a composite number?
False
Is 42257 composite?
False
Is 14123 a composite number?
True
Is 62177 a composite number?
True
Is 15349 composite?
False
Is 12451 a prime number?
True
Is 220379 a composite number?
True
Is 33805 a prime number?
False
Is 842 composite?
True
Is 797 composite?
False
Is 20563 a prime number?
True
Is 1357 a prime number?
False
Is 287 a composite number?
True
Is 315683 composite?
True
Is 36053 a prime number?
False
Is 11599 prime?
False
Is 13094 composite?
True
Is 78707 a composite number?
False
Is 152861 composite?
True
Is 26409 prime?
False
Is 5167 a p